8*y + 5*g - 293 = 0. What is the units digit of y?
8
Let l(u) = -2*u**2 - 6*u - 10. Let q be l(-3). Let n = -5 + q. Let h = n - -24. What is the units digit of h?
9
Let b(a) = -7*a + 27. Let f(r) = 6*r - 28. Let j(z) = -4*b(z) - 3*f(z). What is the tens digit of j(10)?
7
Let x be ((-9)/(-36))/(1/68). Let r = -16 + x. What is the tens digit of (((-64)/r)/4)/(-1)?
1
Let z(f) = -4*f**2 + 2*f + 2. Suppose -4*a = 3*c + 14, 7 = -c + 2*c - a. Let x be z(c). What is the tens digit of 61 + 5/(x/(-8))?
6
Let u be 2 - (-2)/((-2)/(-3)). Let r = 0 + u. Suppose -2*y - 3*y + r*v + 40 = 0, -2*y + v + 11 = 0. What is the units digit of y?
3
Let a(m) = -68*m**2 + 8*m - 2 + 8 + 67*m**2. Let p be a(8). Suppose p*y - 330 = -0*y. What is the tens digit of y?
5
Let m be 6/(-3) + 3 + -7. Let g be m/(-27) + 142/9. Suppose -p = -2*p + g. What is the units digit of p?
6
Let r = 4 - -2745. What is the thousands digit of r?
2
Let f(j) = 2*j**3 + 62*j**2 - 19*j - 40. What is the hundreds digit of f(-31)?
5
Suppose 0 = -3*u + 117 + 168. Suppose 0 = -2*z - 3*j + u, 2*z + 2*j - 83 = 3*j. Suppose -62 = -4*h + 3*n + z, h - 4*n = 36. What is the tens digit of h?
2
Suppose -5*u + 9*u + 168 = 0. Let n = -29 - u. What is the tens digit of n?
1
Suppose -53543 = -62*q + 8333. What is the hundreds digit of q?
9
Let i = 514 - 201. What is the hundreds digit of i?
3
Let y(d) be the first derivative of 2*d**3/3 - 3*d**2/2 - 13*d + 20. What is the tens digit of y(5)?
2
Let l = 665 - 140. What is the hundreds digit of l?
5
Let o(m) = -6*m**2 - 240*m - 25. What is the hundreds digit of o(-29)?
8
Let u(c) = -38*c - 19. Let f be u(3). Let b = 265 + f. What is the hundreds digit of b?
1
Suppose -z - 5 = -7. Suppose -106 = -3*u + y, -u + 33 = -0*u + z*y. What is the units digit of u?
5
Let f = 28 + -37. What is the units digit of (12/f)/((20/258)/(-5))?
6
Let j(l) = l**3 - 4*l**2 + l - 2. Let y be j(4). Suppose 0 = -4*z + 8*z. Suppose 2*k - y*n - 56 = z, -6 = 3*n - 15. What is the units digit of k?
1
Let y = 102 - 96. Let z(q) = 2*q**3 - 10*q**2 + 5*q + 8. What is the tens digit of z(y)?
1
What is the hundreds digit of (-844)/(-5)*(170/20 - 6)?
4
Let s(q) = 434*q**2 + 8*q - 6. What is the hundreds digit of s(2)?
7
Let q = 2 + -4. Let p = q - -7. Suppose 17 = p*w - 93. What is the units digit of w?
2
What is the units digit of 4282/26 - 304/(-988)?
5
Suppose a = -5*h - 2*a - 260, 4*h = -3*a - 211. Suppose -147 = -9*o - 462. Let d = o - h. What is the tens digit of d?
1
Suppose -1156 = 5*w - 5231. What is the tens digit of w?
1
Let z be 66/(-55)*(-20)/6. Let l(a) = a**3 + 5*a. Let v(j) = j**3 - j**2 + 5*j - 1. Let b(t) = z*v(t) - 5*l(t). What is the units digit of b(-4)?
6
What is the hundreds digit of ((-5994)/(-243))/(2/297)?
6
Suppose -l + 30 = -3*k, -3*k = 3*l - 2*l. Let f = 319 + -313. What is the units digit of f/l - (-13)/5?
3
Let n = -249 + 459. Suppose -3*v + n = 4*r, 140 = 4*v - 2*v - 5*r. What is the units digit of v?
0
Let l = -843 - -1448. What is the units digit of l?
5
Suppose -9*t + 12*t - 5*j = 4835, 8 = 4*j. What is the thousands digit of t?
1
Let i = -319 + 162. Let r = -236 - i. Let c = r - -121. What is the units digit of c?
2
Let i(n) = 3*n**3 - 2*n**2 + 3*n - 71. Let z(y) = -y**3 + y**2 - y. Suppose 0 = -o - 1 - 1. Let h(v) = o*z(v) - i(v). What is the tens digit of h(0)?
7
Let u = 1137 - 795. What is the units digit of u?
2
Let k = -595 + 1792. What is the hundreds digit of k?
1
Let p(o) = -10 - 12 - 16 + o + 47. Let r(l) = -l - 1. Let y be r(-4). What is the units digit of p(y)?
2
Suppose 22 = 2*w - 4*z, z - 14 = -5*w + 8. Suppose 1310 = 5*o + 5*k, -w*k + 143 = 2*o - 378. What is the tens digit of o?
6
What is the tens digit of (-33)/(-5) + -7 - (-41316)/15?
5
Let u be (0 - -8)/(-2 - -3). Let g = u - 6. Suppose 2*m - 6*b - 33 = -3*b, g*m - 4*b = 32. What is the tens digit of m?
1
Let d(r) = 17 - 7*r - 3 - 2*r. Let n(a) = a**3 + 13*a**2 + 9*a - 41. Let f be n(-12). What is the units digit of d(f)?
9
Suppose -2*o - 13613 = -5*s, -4*s - 2*o = -4*o - 10892. What is the thousands digit of s?
2
Suppose 0*t - 4*t + 28 = 0. Suppose -y + 4*h = t, -5*h + 15 = y + 4*y. What is the units digit of (y/4)/((-19)/(-836))?
1
Let v(k) = 9*k**2 + 10*k + 14. What is the thousands digit of v(14)?
1
Let g be 1/6*4*66/4. Let k(x) = x**2 - 4*x - 15. What is the units digit of k(g)?
2
Suppose 92 = -4*o + 104. Suppose 4*k + 487 = o*l, -5*l + 3*k = -620 - 188. What is the hundreds digit of l?
1
Let o be ((-4)/12)/(3/(-9)). What is the units digit of (2/4)/(o/12)?
6
Let r be 3/9*9 - -21. Suppose 4*p = -0*p + r. Suppose -50 = 5*z - p*z. What is the tens digit of z?
5
Suppose -7*n + 3*n = 0. Suppose -6 = -10*y + 13*y. Let o = n - y. What is the units digit of o?
2
What is the tens digit of ((368/(-5))/(-2))/((-182)/(-4095))?
2
Let b be -5 + 6 + (0 - 1). Suppose -5*u + 3*q + 1495 = b, u + 897 = 4*u + q. What is the tens digit of u?
9
Let n be (-109)/3 - 6/(-18). What is the units digit of (n/27)/(1/(-15))?
0
Let v(f) = -2*f**3 - 14*f**2 + 29*f - 4. What is the thousands digit of v(-12)?
1
Let w(n) = 10*n + 36. Let y be w(10). What is the units digit of (-2 - (-3 + 2/4))*y?
8
Let t be 7 + ((-12)/18)/((-2)/(-9)). Suppose 4*w - 2*q = 5 + 9, -t*w + q = -15. What is the units digit of w?
4
Let i(t) = -t**2 - t. Let h(b) = -10*b**3 + 3*b**2 + b - 1. Let j(c) = h(c) + 3*i(c). Suppose -3*q = -0*q + 3. What is the tens digit of j(q)?
1
Let l = -79 + 299. What is the units digit of l?
0
Let q = -29 - -42. Suppose -q = -5*x + 137. What is the units digit of x?
0
Let z = -1623 + 2305. What is the units digit of z?
2
Let t(g) = g**3 - 11*g**2 + 4*g + 16. Let v = 25 - 14. Let i be t(v). Suppose -s - 4*y = -2, 5*s + y - i = -12. What is the units digit of s?
0
Let d = 379 - 261. Suppose -3*v + 9 = -3*f + 4*f, 5*v - f = 7. Suppose v*r + r = -3*a + 114, -3*r - 4*a = -d. What is the units digit of r?
4
Let w(l) = l**3 - 24*l - 9. Let a be w(17). What is the tens digit of a/24 + 4/(-3)?
8
Suppose -19*s - 19930 = -29*s. What is the hundreds digit of s?
9
Suppose -k + 205 = 4*k - 4*p, 4*k + 2*p - 164 = 0. Suppose -8 - 27 = -7*o. Suppose -o*v + 39 = -k. What is the tens digit of v?
1
Suppose -3*c = 5*o + 9, -4*o = -3*c - c + 20. Suppose c*g - 40 = -2*g - 5*x, g - 3*x = 27. What is the tens digit of g?
1
Let p = -107 + 308. Let j = p - 20. What is the units digit of j?
1
Let m(a) = a**2 + 5*a + 25. Let o be m(-11). Let s = -78 + o. What is the tens digit of s?
1
Let g = 681 - -344. What is the hundreds digit of g?
0
Let q be (24/(-2))/(-2)*-1. Let g = 51 - 78. Let d = q - g. What is the tens digit of d?
2
Let u = 10 + -6. Suppose 14 = 2*r + p - 3, -3*r = -u*p - 31. What is the tens digit of 93/r + (-10)/(-15)?
1
Let p be (-2)/(-13) - (-2562)/78. What is the units digit of (2002/p)/(4/6)?
1
Let w(t) = t**3 + 12*t**2 + 5*t + 5. Let s be w(-8). Suppose 5*a - 3*u = s + 418, -a - 2*u + 120 = 0. What is the tens digit of a?
2
Let z(d) = -d**3 - 3. Let t be z(-3). Let r = -10 + t. Suppose 13*p - r*p = -25. What is the tens digit of p?
2
Let l be (-181 - -4)*(0 - 1). Suppose 6*p = -5*y + 2*p + 299, -3*p = 3*y - l. What is the tens digit of y?
6
Let n = -491 + 1058. What is the units digit of n?
7
Let p = 65 + -187. Let q = p + 269. What is the units digit of q?
7
Let h(z) = -125*z - 4. What is the hundreds digit of h(-5)?
6
Let r(j) = -20*j + 308. What is the hundreds digit of r(-49)?
2
What is the tens digit of 4 + ((-9050)/(-14) - 30/70)?
5
Let y be (1 - -2) + -1 + 15. Suppose 0 = y*a - 7*a - 90. What is the units digit of a?
9
What is the units digit of (-22 + -5)/((-5)/(-4) - 2)?
6
Let j = 8 - 4. What is the units digit of 4 - 16/j - -133?
3
Let x be 1 + 8/4 + 1. Suppose 209 + 35 = x*m. What is the units digit of m?
1
Let w = 59 + -19. Suppose l + 12 + w = -s, -3*l = -4*s + 156. What is the tens digit of 8/l + 1148/26?
4
Suppose 4*h + 938 = 11*h. Suppose -295 = -3*m + h. What is the hundreds digit of m?
1
Let d(y) = -y**3 - 10*y**2 - 11*y + 22. Let o be d(-9). Suppose -5*x + 0*x + o = 0. Suppose 0 = -x*g + 9*g - 45. What is the tens digit of g?
4
Suppose -24*m - 145 = -29*m. Suppose 5*z + 294 = 2*c, c + m = -5*z + 206. What is the tens digit of c?
5
Let w = 19 + -17. Let y be (-92)/(-14) - 3/(-7). Suppose w*t + y - 21 = 0. 